, r*u + 54 = 3*x. Calculate the greatest common divisor of 65 and x.
13
Let y be (-33)/11 + (-2*1 - -9). Let l be (-2 - (-4)/(-1))*-1. Let g be 3/l*-4*(-1 + -1). Calculate the highest common factor of g and y.
4
Suppose 17*s = 7*s + 60. Suppose 11*w - 535 = -73. What is the greatest common divisor of w and s?
6
Let j(i) = -i + 2. Let q(p) = -p**2 + 8*p + 47. Let o(g) = 4*j(g) + q(g). Let x be o(-5). Calculate the highest common factor of 130 and x.
10
Let p be 1324/34 + 21*(-21)/(-7497). Calculate the highest common divisor of 1157 and p.
13
Suppose -64*p - 924 = -86*p. Let y(n) = 14*n**2 - 3*n - 4. Let d be y(-3). Suppose -d + 446 = 3*r. What is the highest common divisor of r and p?
21
Let s be 2/3 - 520/(-3). Let q be 1165 + -10 + (9 - 1). Let y = q + -1047. What is the greatest common factor of s and y?
58
Suppose -422*x + 421*x = -2*p - 54, -5*x - 3*p + 361 = 0. Let a be (-2)/(-12)*-2*-51. What is the greatest common factor of a and x?
17
Let o = 1125 - 777. Let r = o - 299. What is the greatest common divisor of 28 and r?
7
Suppose -2410 = -10408*b + 10381*b + 290. Let s be (6/(-9))/((-1)/(-96)). Let f = s + b. What is the highest common divisor of 90 and f?
18
Suppose -n = -g + 7074, -2*g - 2*n + 20089 = 5937. What is the highest common divisor of g and 25?
25
Suppose 44*z + 37*z = 72*z + 414. Suppose -4*h + l + 2*l + 469 = 0, -3*l + 106 = h. What is the highest common factor of h and z?
23
Suppose 34*h - 13650 = -8*h. What is the greatest common divisor of 234 and h?
13
Suppose 0 = -222*n + 215*n + 252. Suppose -y + 5*y = 0. Suppose y = 14*z - 90 - n. Calculate the greatest common factor of z and 90.
9
Let i be (60/35)/4 + (-904)/(-14). Let o = -55 + i. What is the highest common factor of 250 and o?
10
Let m be (-3)/(-2) - 35/14. Let d be 7 - m*(-102)/(-6). What is the highest common factor of 3 and d?
3
Let h(s) = -42*s**3 - 2*s**2 - s. Let q(r) = r**3 - 3*r**2 + r - 4. Let x be q(3). Let g be h(x). What is the highest common factor of 451 and g?
41
Suppose -5*z + 139 = -11. Let m(q) = -87*q**2 + 2*q + 3. Let o be m(-1). Let f = -26 - o. What is the greatest common divisor of f and z?
30
Let v be 1 + 1 + 1 + 224. Let w = 80 - v. Let o = w - -252. What is the highest common divisor of o and 42?
21
Suppose -5*h + 0*h + 3 = q, 3*h = q - 19. Suppose 90*g + 585 = 95*g. What is the highest common divisor of q and g?
13
Suppose 4*g + 539 = 535. Let d be (-22)/121*g - 1272/(-22). Calculate the greatest common divisor of 638 and d.
58
Let j(l) = -l**3 - 3*l**2 + 7*l + 4. Let t be j(-5). Let d = 117 - t. Let z = 104 - d. Calculate the greatest common factor of 9 and z.
3
Let t be -3*(95/15 + -11). Calculate the greatest common factor of t and 2891.
7
Suppose -15*n + 43*n + 112 = 0. Let t be -4 - -24 - (3 + n). Calculate the highest common divisor of t and 105.
21
Suppose 3*l - v + 165 + 42 = 0, -l + 2*v = 64. Let r = l - -286. Calculate the highest common factor of r and 16.
8
Let g be (2 + -2)*(-21)/(-42) + 69 + -9. What is the highest common factor of 4740 and g?
60
Let n(c) = c**3 + 14*c**2 - c - 7. Let g be 4/(-12) + 2*82/(-12). Let m be n(g). Let k be (0 - -1)/(-6 - -7). What is the greatest common divisor of m and k?
1
Let p be (-16)/10*(-2205)/6. Let d be 58/15 - 6/(-45). Suppose 5*j = -0*j + 4*y + p, 4*y + 468 = d*j. Calculate the greatest common divisor of j and 24.
24
Let b be (5/4)/(848/64 - 13). What is the greatest common factor of 4415 and b?
5
Let x be -3 + 1 + 18*3. Suppose -2*g - 92 = -2*r + 26, 0 = 6*r - 5*g - 347. What is the highest common factor of x and r?
52
Let u(o) = 4*o + 156. Suppose -35*w - 586 = -131. Let b be u(w). What is the greatest common factor of b and 12?
4
Let t(b) = -4*b + 5. Let v be t(4). Let y(d) = 9*d**2 + 6*d + 2. Let c be y(-2). Let k = c + v. Calculate the highest common factor of k and 150.
15
Let z(n) = -n**2 - 23*n + 1598. Let y be z(-51). Calculate the highest common factor of 136 and y.
34
Let k = -69 + 163. Let z = k + -101. Let o be (-50)/(-4) + z/(-14). Calculate the greatest common divisor of 26 and o.
13
Suppose 0 = 3*n - 6595 - 3500. Suppose 2035 = 3*r + 5*k, 2*r - 5*k - n = -3*r. Calculate the highest common divisor of 25 and r.
25
Let a = 730 + -625. What is the highest common factor of a and 6195?
105
Let c(o) = o**3 + 25*o**2 - 31*o + 41. Let z be c(-26). What is the highest common factor of z and 9?
9
Let f be 1/(-2)*(1 - 249). Suppose 0 = -480*k - 452*k + 202244. What is the greatest common divisor of k and f?
31
Let g(n) = n**2 - 25*n - 79. Let p be g(28). Suppose -4*m + 196 = -3*q, 5*m - 8*m + 136 = -p*q. What is the greatest common factor of 4 and m?
4
Let b be (-2 - 413*1/(-2))*-2. Let z = 413 + b. Calculate the greatest common factor of 8 and z.
4
Suppose 5*n - 1599 = -2*k, 0 = -0*n - 2*n - k + 640. Suppose 33*g - 61 = 29*g + 55. Calculate the highest common divisor of g and n.
29
Let p(c) = c**2 + 34*c + 456. Let b be p(-14). Calculate the greatest common factor of b and 432.
16
Let n(x) = -21*x - 26*x - 4*x + x**3 - 26*x**2 - 4*x + 18 + 42. Let s be n(28). What is the greatest common factor of 308 and s?
44
Let w = 39325 - 27905. Calculate the highest common factor of w and 8.
4
Let c(j) = j**3 + 4*j**2 - j + 5. Let x be c(-4). Suppose 53*u - 4 = 52*u. Suppose -36 = -u*p + 12. What is the highest common factor of x and p?
3
Let f = 715 + -460. Suppose 0 = 9*t - 4*t - f. What is the highest common divisor of 187 and t?
17
Suppose 4*z + 205 = -z + 2*u, 25 = -5*u. Suppose 42*r - 80 = 38*r + 4*k, k - 40 = -2*r. Let a be 8/r - z/5. Calculate the greatest common divisor of 36 and a.
9
Let q = -22 - -23. Let i be 2 + (-2)/(-1 - q/(-3)). Suppose 2*c + 3*c = 5*z - 35, 0 = 3*c - 9. Calculate the greatest common divisor of z and i.
5
Let j = -96 - -167. Let n = j - -55. Suppose 0 = 3*g - 3*y - y - 42, -4*y = g - 14. Calculate the highest common divisor of n and g.
14
Let k(t) = -29*t - 287. Let f be k(-10). Let v be 2/4 + (-597)/(-6). Suppose -g - f*g + v = 0. What is the greatest common divisor of g and 225?
25
Suppose s = 2*s - 26. Let z(r) = 4*r**2 - 64*r + 52. Let c be z(26). Let v be (c/(-112))/((-3)/20). What is the highest common divisor of s and v?
13
Let x = 339 + -549. Let t = -136 - x. Suppose -2*a - 3*c = -93, 4*a - c = 91 + t. Calculate the greatest common factor of a and 84.
42
Let m(o) = -10*o**2 - 187*o + 97. Let v be m(-19). What is the greatest common divisor of v and 25?
5
Let m = -257 - -542. Suppose 930*h - 931*h = -57. Calculate the highest common divisor of m and h.
57
Suppose -16*y = 225*y + 221*y - 17556. What is the greatest common divisor of 50 and y?
2
Let r(s) = 8*s + 1. Let m be r(4). Let t be 2 - (((-42)/18)/(3/9) - -3). What is the highest common factor of m and t?
3
Let u = 1 + 4. Let b be (-92)/(-20) - (-2)/u. Suppose -b*m = 5*v - 60, -37 = -3*m - 4*v + 2*v. Calculate the greatest common divisor of m and 13.
13
Let x = 10783 - 10751. Suppose 0 = -3*l + 10 + 2. Calculate the highest common divisor of x and l.
4
Suppose 27 = -c + 30. Let v(j) = 3*j**2 - 7*j + 2. Let h be v(c). Calculate the highest common factor of h and 22.
2
Suppose -1519*c + 34178 + 22046 = 489*c. Suppose 2*w + 2*f + 12 = 3*w, f = 4*w - 34. What is the highest common factor of w and c?
4
Suppose 16*h = -5*h - 819. Let s be ((-4)/(-42))/(h/(-273))*90. What is the highest common factor of s and 1020?
60
Let m = 5934 - 5732. Calculate the highest common factor of 4 and m.
2
Let y be -3 + 11 - 1 - -2632. Calculate the greatest common factor of y and 39.
13
Let m = -8224 + 8240. What is the highest common factor of 234 and m?
2
Let t(v) = -v**3 - 14*v**2 - 58*v - 49. Let g be t(-13). Calculate the highest common factor of 32 and g.
8
Suppose -3*g - 8*i = -4*i - 242, 10*g - 872 = 3*i. What is the highest common factor of g and 688?
86
Suppose 0*m - 8*m - 1920 = 0. Let u = m - -159. Let c = u + 117. What is the highest common divisor of c and 9?
9
Suppose -3*v = 5*j - 105, 2*v - 17 + 27 = 0. Calculate the highest common divisor of j and 438.
6
Let q(z) = z - 1. Let t(v) = 5*v + 77. Let f(n) = -6*q(n) - t(n). Let c be f(-7). Calculate the highest common divisor of c and 6.
6
Let m be (-1024)/5*(-165)/66. Suppose 552*z + m = 560*z. What is the greatest common factor of 2 and z?
2
Let t(i)